 - 26. What is the highest common divisor of 31382 and b?
34
Suppose -4*r = 4*o + 32, -2*r - 3*o - 10 = -r. Let b = 21 + r. Let y = 4320 - 4285. Calculate the highest common divisor of y and b.
7
Let n(v) = 5*v**2 - 8*v + 20. Let s = -101 + 108. Let a be n(s). Let w = -27 + 46. What is the highest common factor of a and w?
19
Suppose 5*p + 9*q = 12*q + 1086, -234 = -p - 5*q. Let b = p + -203. What is the greatest common divisor of b and 2?
2
Let y(t) = 2*t**3 - 14*t**2 - 2*t - 17. Let z be y(8). Calculate the greatest common divisor of z and 55.
5
Suppose 35*g + 45 = 32*g. Let m be g/(-12)*(-7 - -11). Suppose 3*y = 4*p - 1327, -m*p - 4*y = -1402 - 218. Calculate the highest common divisor of p and 41.
41
Let u(m) = m**2 + 11*m. Let k be u(8). Let w be 72/(-4)*162/12. Let a = -224 - w. What is the greatest common divisor of k and a?
19
Suppose 4*k = 16*k - 36. Suppose -5*t = -k*t - 22. Calculate the greatest common factor of t and 253.
11
Let t be (-214752)/(-176) + (-3 - (-62)/22). Calculate the greatest common factor of 15 and t.
5
Suppose 5*y + 19 = 2*a, 0 = 9*a - 7*a - y - 31. Suppose -b - 7 = q - a, -35 = -3*q - 2*b. Calculate the highest common divisor of q and 705.
15
Let z be (-2685)/2*(-20)/50 + 2 + -2. What is the highest common divisor of 8771 and z?
179
Let q(b) = -2*b**3 + 9*b**2 + 9*b - 12. Let v be q(7). Let h = v - -2321. Suppose -552 = 15*i - h. Calculate the greatest common divisor of 21 and i.
21
Let a = 8 - -35. Let t be (4/5 - (-1931)/5) + 2. Let y = -45 + t. What is the greatest common factor of y and a?
43
Suppose 32*c + 3*a + 199 = 33*c, 3*c - 629 = 5*a. Calculate the greatest common factor of 9812 and c.
223
Suppose 2*n = 3*a - 165, 2*a + 2*n = 3*a - 51. Calculate the highest common factor of a and 4617.
57
Let k(l) = l**3 - 18*l**2 + 35*l - 45. Let w be k(16). Suppose 0 = -4*d + w*y + 10 - 6, 4*y - 20 = -d. What is the highest common divisor of 6 and d?
2
Let x = 110 + 198. Let q = x + -272. Let k be ((-40)/6)/((-2)/27). Calculate the greatest common divisor of q and k.
18
Let y(v) = -v**3 - 3*v**2 - 7*v - 5. Let u be y(-5). Let m = 963 + -947. Calculate the greatest common divisor of u and m.
16
Suppose -23*x + 128 = 9*x. Suppose -x*f + 141 = -219. What is the highest common factor of 120 and f?
30
Let z be -1 - (2 + -11*15). Let u = -171890 - -171908. Calculate the highest common factor of z and u.
18
Let n be ((-51)/170)/(3/(-30)). Suppose -d - 16 = -4*l, -n*d - 4*l + 11 = -21. Let b = -9 - -15. What is the greatest common factor of b and d?
2
Let i be (-1)/5 + (-88)/(-440) + 8. Let a = 32 + 4. Calculate the greatest common divisor of i and a.
4
Let j(t) = t**2 + 86*t + 134. Let x be j(-90). Calculate the greatest common divisor of x and 52.
26
Let n = -76 + 79. Suppose j + 155 + 22 = 2*d, 3*j - 288 = -n*d. Let f = -28 + d. What is the highest common factor of 14 and f?
7
Let i(t) = t**2 - 16*t - 172. Let s be i(42). Calculate the greatest common factor of 184 and s.
184
Let g = -544 + 907. Suppose -f + u + u + 182 = 0, 0 = -2*f + 3*u + g. Calculate the greatest common divisor of 45 and f.
45
Suppose f - 6 + 1 = 0, 2*f = g + 98. Let o = g + 98. What is the greatest common divisor of o and 70?
10
Let w(z) = 15*z + 37. Let o be w(8). Let r be 2 + (1 - (1 + -1)). Let v = o - r. What is the greatest common factor of 14 and v?
14
Suppose -6*l - 47 - 19 = 0. Let f be l*6*4/(-3). Suppose -4*i - f = -4*p, 0 = -3*p + 2*i - 1 + 69. Calculate the highest common factor of 96 and p.
24
Let i be ((-17)/(-2))/((-27)/(-162)). Suppose 146*m - 5712 = 132*m. Calculate the highest common factor of m and i.
51
Let n(a) = -38*a + 2. Let v be n(-3). Let o be (4 - 5) + ((-1350)/(-24))/(-15)*-8. What is the highest common factor of o and v?
29
Let c(j) = -j**3 + 7*j**2 + 11*j - 12. Let i be -8*((0/2 - 4) + 3). Let n be c(i). What is the greatest common divisor of 276 and n?
12
Suppose v = 3*c + 6, -4 = 2*c - v - 4*v. Let i be (-1)/c*1488/31. What is the highest common divisor of i and 48?
24
Suppose 8*a - 333 = -133. Suppose -160 = -30*p + a*p. What is the highest common divisor of 112 and p?
16
Let w = -2852 + 3755. What is the highest common factor of 294 and w?
21
Let s be -2 - (5 - (-6 + (1 - -909))). Calculate the highest common factor of 138 and s.
69
Let h(g) = 2*g**2 - 9*g - 17. Let q be h(9). Suppose -8 = 4*x - q. Suppose -10*b + 9*b + x = 0. What is the highest common divisor of 14 and b?
14
Let c = 222 - 90. Let g = -2240 + 2352. Let p = g - 79. Calculate the highest common factor of c and p.
33
Suppose -7050 = 188*b - 206*b + 16440. What is the greatest common factor of 225 and b?
45
Let v be (-36)/(-27) - (-712)/6. Suppose 0 = 6*w - 7*w + v. What is the highest common factor of w and 168?
24
Let b be ((-18)/(-24)*-4)/((-2)/2). Suppose -2640 = -p - b*p. What is the greatest common factor of p and 33?
33
Let a be (13908/(-244))/((-190)/(-196) + -1). What is the highest common factor of 147 and a?
49
Let d(t) = t**3 + 32*t**2 + 83*t + 132. Let g be d(-29). Let u be 2*4 - 0/1. Calculate the highest common divisor of u and g.
8
Suppose 0 = 52*o - 117 - 143. Let c(a) = -55*a + 345. Let u be c(o). Let w = 4 + 26. Calculate the highest common divisor of w and u.
10
Let u = 64 + -56. Suppose -u*z + 644 + 316 = 0. Calculate the greatest common divisor of z and 30.
30
Let h be 15/75 - (-6816)/20. What is the highest common divisor of h and 418?
11
Let n = 28425 - 16860. Calculate the highest common divisor of n and 135.
45
Suppose 9*u + 81 = -270. Let o be 7*u*((-69)/63 - -1). What is the greatest common divisor of 325 and o?
13
Suppose 2*z = 6*z + 5*t - 9, -z = -t. Let b be 1 + 2 + z - -13. Suppose -8*x - 274 + 1770 = 0. What is the greatest common factor of x and b?
17
Let m be 1073 - (-2 - (-3 - 5 - 3)). What is the highest common divisor of m and 644?
28
Let k(y) = y**2 + y + 8. Let x be k(0). Let f = 1025 + -897. Calculate the highest common divisor of x and f.
8
Let s(d) be the third derivative of -37*d**4/24 + 205*d**3/6 - d**2 + 5. Let u be s(5). What is the greatest common factor of 4 and u?
4
Let o be -2*1/2*-35. Suppose -5386 = -3*u + 1229. Suppose -4*i = 17*i - u. Calculate the highest common divisor of o and i.
35
Let y be -1*-2*((-246)/4)/(-3). Suppose -120 = -y*f + 36*f. Suppose 0 = u - f. Calculate the greatest common factor of 3 and u.
3
Let x(z) = 2*z**3 + 38*z**2 + 19*z - 613. Let j be x(-17). Calculate the greatest common divisor of 5038 and j.
22
Suppose -5*o = 4*x - 402, -5*o - 17*x = -12*x - 400. What is the highest common divisor of o and 5248?
82
Let b be 4 + -9 - (-14)/2. Suppose -6 = -2*v - 4, -5*j + b*v + 763 = 0. What is the greatest common factor of 18 and j?
9
Suppose -94 + 154 = 15*y. Suppose 0 = -3*l - y*j + 55, -4*j - 45 = -5*l + j. What is the greatest common divisor of 832 and l?
13
Let u be 2/(-1)*1*-38. Suppose -17 + 13 = -w. What is the highest common factor of w and u?
4
Let f = -61 + 86. Suppose 0 = 2*m + 2, -88*x + 87*x + 622 = 3*m. Calculate the greatest common factor of f and x.
25
Suppose 171 = 18*n + 45. Let s be n/2*4176/203. What is the highest common divisor of s and 168?
24
Let n = 603 + -512. Calculate the highest common factor of 377 and n.
13
Suppose -d + 3*d = 434. Suppose 5*r = h - 51, -42 = 10*h - 12*h - 5*r. Calculate the highest common factor of h and d.
31
Let t be (-1 - (12 - 12)) + 2177/7. What is the highest common divisor of 1178 and t?
62
Let m(p) = -2*p**3 - 41*p**2 + 21*p + 16. Let j = 181 - 202. Let r be m(j). Let w be (2*-4)/1*-2. What is the highest common factor of r and w?
16
Suppose 9*j + 4028 - 6539 = 0. What is the highest common factor of j and 5611?
31
Let o(v) = -2*v**2 - 36*v. Let n be o(-18). Suppose -x + 6*x - 3*u - 68 = n, -5*u - 31 = -2*x. What is the greatest common divisor of x and 91?
13
Let w be (-14)/(-4)*80/35. Suppose -c + w = -82. Let l be (-1885)/(-104) + 1/(-8). What is the highest common divisor of c and l?
18
Suppose -5*f - 29 + 4 = 0. Let r(q) = 3*q**2 - 8*q - 3. Let o be r(f). What is the highest common divisor of o and 14?
14
Let o be -39 + (-85 - -180) + (4 - 0*2/4). Suppose -76 = -3*u + 59. What is the greatest common factor of u and o?
15
Suppose -5*l = -5*z + 75, -2*z + 33 = -4*l + 3*l. Suppose i = -z*i + 14706. Calculate the greatest